 - d. What is the units digit of g?
6
Suppose 0 = 5920*t - 5917*t - 12645. What is the thousands digit of t?
4
Let m = 16 + -16. Suppose -4*u + 9*u - 330 = m. What is the tens digit of u?
6
Let c(n) = -14*n**2 - 15*n + 13. Let o(u) = -5*u**2 - 5*u + 4. Let m(j) = 4*c(j) - 11*o(j). Let w be m(-6). Suppose 20 = w*s - 4. What is the tens digit of s?
1
Let k = 13 - 53. What is the units digit of (-1 - (23 + -1))/(k/80)?
6
Let i(t) = 67*t + 9. What is the tens digit of i(4)?
7
Let x = -25 - -28. Suppose -2*f - 20 = 3*h + 3*f, -x*h = 2*f + 8. Suppose h = -v + 1 - 3, 34 = 4*d + 3*v. What is the units digit of d?
0
What is the hundreds digit of ((-126)/6 + 2)*-22?
4
Let c = 334 + 152. What is the hundreds digit of c?
4
Let g(i) = 16*i**2 + 12*i - 11. Let k(b) = -47*b**2 - 36*b + 33. Let v(o) = -17*g(o) - 6*k(o). What is the hundreds digit of v(-6)?
2
Let t = 760 - 515. What is the units digit of t?
5
Suppose 6*k - 2660 = 2*k - t, -t - 665 = -k. What is the units digit of k?
5
Let o = -4 + 4. Suppose 5*g + 9 - 79 = o. Let k = g - 10. What is the units digit of k?
4
Let l(m) = -49*m**3 + 7*m**2 - 2*m. What is the hundreds digit of l(-2)?
4
Let m(g) = g + 0*g - 2*g + 10. Let f be m(7). Suppose -5*s + c = -3*s - 120, 0 = -f*c. What is the units digit of s?
0
Suppose 2*c + 1670 = 5*c - 2*u, 4*c - 2228 = 3*u. What is the units digit of c?
4
Let w be 7 - 6 - ((-1 - -3) + -5). Let h(z) = 10*z**2 + 2*z - 2. What is the units digit of h(w)?
6
Suppose 4*j - 2761 - 583 = 0. What is the hundreds digit of j?
8
Suppose 8 = -4*a, 0*d + 3*a + 12 = 2*d. Suppose 8 = 2*m, -7*m = -2*f - d*m - 10. Suppose -15 = -f*n + 33. What is the tens digit of n?
1
Let b be 6/((-12)/7)*-2. Let c = 11 - b. Suppose -2*f = c*f - 240. What is the units digit of f?
0
Let a = -6 + 15. Suppose -30 = a*w - 14*w. Suppose 8 - w = l. What is the units digit of l?
2
Let v = -473 + 1198. What is the hundreds digit of v?
7
Let o(u) = u + 1. Let s be o(3). Suppose 9*f = s*f + 220. Suppose 2*z + l - 4*l = f, z - l - 22 = 0. What is the tens digit of z?
2
Suppose -2*v = v - 39. Suppose h - 16 = v. What is the tens digit of h?
2
Let g(f) = -3*f - 6. Let t be g(-8). Let w = -11 + t. Suppose -2*b + w = -49. What is the units digit of b?
8
Suppose 31 = -3*n - 77. Let f = -24 - n. Suppose 0 = 4*r + 3*k + k - 60, 0 = -4*k + f. What is the tens digit of r?
1
Let m = -8 + 8. Suppose m = -4*d + 9 + 3. What is the units digit of d?
3
Let x = -71 + 76. Suppose -2*a = -4*f - 328, 796 = x*a + f - 3*f. What is the units digit of a?
8
Let d = -36 + 122. Suppose -148 = -3*u + d. What is the tens digit of u?
7
Let z be 2 - (3 - -1)*(-29)/(-2). Let c = z + 62. What is the units digit of c?
6
Let s be (-6)/15 - (-48)/(-5). Let j = s + 13. Suppose -6 - 12 = -j*f. What is the units digit of f?
6
Let r(h) = 13*h - 48. Let u be r(-17). Let t = -136 - u. What is the units digit of t?
3
Let n(u) = 45*u**2 - 118. What is the units digit of n(-7)?
7
Suppose 5*p + z = -11, -4*p - 5 = -5*z + 2*z. What is the units digit of (1 - -11) + 2 + p?
2
Let o(q) = q**2 + 3*q. Let z be o(-3). Suppose y - 2*y + 3 = z. Suppose 0*a - 30 = -y*a + 3*d, -5*a + 68 = d. What is the units digit of a?
3
Let j(t) = 131*t - 265. What is the hundreds digit of j(21)?
4
Let a(l) = -l**2 + 4*l - 3*l - l. Let f be a(0). Suppose f = -j - 11 + 34. What is the units digit of j?
3
What is the tens digit of 583 + ((-4)/26 - (-44)/(-52))?
8
Suppose -k = 4*b + 9, 4*k - b - 16 + 1 = 0. Suppose p = -2*v + 15 + 35, 0 = 2*v - k*p - 42. What is the units digit of v?
4
Suppose -12 - 3 = -5*x. Let c(t) = 5*t - x + t + 5*t - t. What is the units digit of c(3)?
7
Suppose 9090 = 18*w - 13*w. What is the tens digit of w?
1
Let a be ((-138)/4)/(-1) + 27/(-18). Let n = a - 27. What is the units digit of n?
6
Let y(g) = -4 + 12*g**2 + 8 + 2*g + g - 2*g. What is the tens digit of y(3)?
1
Let s(i) = 9*i + 8. Suppose 21*r - 24*r + 21 = 0. What is the units digit of s(r)?
1
Suppose -5*f - 10 = -0*f. What is the units digit of 51 - (18/3)/f?
4
Let u = 24 + -3. Suppose 2*d = -5*c + 171 + u, 4*c = 3*d - 265. What is the units digit of d?
1
Let o(p) = 2*p**2 + p - 1. Let l be o(1). Let b be (l + 2)/((-1)/1). What is the units digit of b/(-6) - (-25)/3?
9
Let s(n) = -2*n**2 - 14*n - 7. Let l(v) be the third derivative of -v**5/60 - v**4/24 - 12*v**2. Let y be l(2). What is the units digit of s(y)?
5
Let f = 2058 - 1709. What is the tens digit of f?
4
Let k be (6/(-3))/1 + (-19 - -11). What is the units digit of 7/(105/k)*-3*103?
6
Let w = 15 + -10. Let v(c) = -c**2 + 5*c + 3. Let h be v(w). Suppose 3*i - h = 15. What is the units digit of i?
6
Let m be -2*4/(-6)*3. Suppose -4*d + 164 = 4*i, -2*i + 0 + 74 = m*d. What is the tens digit of i?
4
Suppose 0 = 4*g - 659 + 3. What is the units digit of g?
4
Suppose -i - 2*n + 458 = 0, 3*n - 1074 = -4*i + 778. What is the hundreds digit of i?
4
Suppose -g - 46 + 0 = -3*c, -2 = -g. Let f = c - -38. What is the units digit of f?
4
Let i be -1*(3 + (-6 - -2) - 2). Suppose -2*x + 220 - 5 = i*d, 0 = 5*x - 20. What is the units digit of d?
9
Suppose 15735 = 5*v - 2*b, -5*b - 62 = -37. What is the thousands digit of v?
3
Let b(o) = -1484*o**2 + 10 + 1472*o**2 - o + 4 + 2*o - o**3. What is the units digit of b(-12)?
2
Suppose -1539 = -8*x + 10613. What is the thousands digit of x?
1
Suppose 3*j - 91 = -4*d - 0*d, 0 = -4*j + d + 96. Suppose 0 = l + 3*h - 7 + 36, l = h - j. Let o = 4 - l. What is the tens digit of o?
3
Let q = -151 - -294. Let r = 284 - q. What is the hundreds digit of r?
1
Let l(c) = 2*c. Let z be l(-2). What is the tens digit of (11/(-2))/(z/16)?
2
Suppose 2*r - 574 = 346. Suppose -2*j + r + 14 = 0. Suppose 0 = 4*f + 3*w - j, 3*f - 2*f - w - 61 = 0. What is the units digit of f?
0
Suppose -2*v - 2*v = -2*t + 1594, -5*v = 3*t - 2435. What is the hundreds digit of t?
8
Suppose -4*y + 640 = -g, 3*g + 414 = -4*y + 1038. Suppose 0 = j - y. What is the units digit of 1/6 + j/18?
9
Suppose -2*d + 2 + 4 = 0. Suppose -7*v = -d*v - 88. What is the units digit of v?
2
Let a(x) = 3*x**2 + 5*x - 4. Let t(h) = h + 9. Let g be t(-6). What is the units digit of a(g)?
8
Suppose -5*o + 457 + 848 = 0. What is the tens digit of o?
6
Suppose -48 = -3*w + j + 4*j, 48 = 3*w + 2*j. Let q(k) = -k**3 + 16*k**2 + 9*k - 12. What is the units digit of q(w)?
2
Suppose -3 - 5 = -4*w + 5*q, -13 = -3*w + 2*q. Suppose -2*o + 405 = -w*o. Let l = -50 - o. What is the tens digit of l?
3
Let h(r) = 19*r - 73. What is the units digit of h(28)?
9
Let y = 94 - 97. What is the units digit of 8 + (y - 6) + 157*2?
3
Let u(t) = -t**3 - 3*t**2 + 4*t + 5. Let f be u(-4). Let h = 7 - f. Suppose -17 = -h*d + 3. What is the units digit of d?
0
Let k be (-4)/((-24)/(-14) + -2). Let w be 18/k - 22/77. What is the units digit of 0 - w - 24/(-1)?
3
Let j(l) = 4 + 2*l**2 - 3 - 6 + 0 - 5*l. What is the units digit of j(-6)?
7
What is the units digit of 699 + (-1 - 5) + (-2)/2?
2
Let b(i) = i**3 + 8*i**2 + 6*i + 2. Let r be b(-7). Let q be 12 - r - (-6)/1. What is the units digit of q/5 - (-5)/25?
2
Let h(t) = -t**3 - 4*t**2 + t + 3. Suppose 0 = 2*p + 3*g + 1, 5 = -2*p + 2*g - 11. Let q be h(p). Let i = q + -10. What is the units digit of i?
3
Suppose 3*h - 10 = -31. Let t = 16 + h. Suppose -11 - t = -2*z. What is the tens digit of z?
1
Suppose -15*g = -2*v - 11*g + 632, 320 = v + 2*g. What is the units digit of v?
8
Suppose -2*y + 1158 - 224 = 0. What is the hundreds digit of y?
4
Let c = 1956 - 1037. What is the tens digit of c?
1
Let z = 3 + -2. Let g(w) = w**2 - 11*w - 6. Let r be g(12). Suppose b = r + z. What is the units digit of b?
7
Let y = -1010 + 1425. What is the hundreds digit of y?
4
Let m(d) = -d**2 - 2*d + 1. Suppose 4*w = -w. Let a = -2 + w. What is the units digit of m(a)?
1
Suppose -5*y = -12*y - 119. Let l(n) = -7*n - 59. What is the tens digit of l(y)?
6
Let z(t) = 2*t + 5. Let h be z(4). Let p be (h + 1)*3/(-2). What is the units digit of 2 - 5 - (p - -2)?
6
Suppose -5*p - 215 = -4*l + 274, 0 = -2*l - 2*p + 240. What is the tens digit of l?
2
Let g(q) = -q - 5. Let w be g(-2). Let k(j) = -2*j**3 - 3*j + 4. What is the tens digit of k(w)?
6
Let w be ((-2)/(-16)*4)/(3/(-54)). Let t(q) = -13*q - 34. What is the units digit of t(w)?
3
Suppose 0 = -3*u + 7*u + 4, 4*b - u 